= -3*f + v - 48, 64 = 4*f - a*v. What is the highest common divisor of f and 80?
16
Let t be ((-18)/8*64974/(-3213))/(2/4). Let a = 28 + -2. Calculate the greatest common divisor of a and t.
13
Suppose 0 = 20*d + 77*d - 43*d - 540. Suppose -r + 4 = -11. What is the greatest common factor of d and r?
5
Let l = 8 - 6. Suppose 0 = -5*a - 335 + 995. Suppose -j - l*j + a = 0. What is the greatest common factor of j and 4?
4
Let v be (84/9)/(6/108). Suppose 21*t + v = 20*t. Let d = -100 - t. Calculate the highest common divisor of 51 and d.
17
Suppose -5*p = -61 - 4. Let y(h) = h**2 + 8*h + 65. Let i be y(-10). Suppose 2*g = 0, 2*a - i = 5*g + 97. What is the highest common divisor of a and p?
13
Suppose 32*v - 3473 + 611 = 210. Calculate the highest common factor of 2064 and v.
48
Suppose -3*y - 21*v = -25*v - 199, v - 301 = -5*y. What is the highest common divisor of y and 1891?
61
Let z(a) be the first derivative of -13*a**2/2 + 60*a - 41. Let g be z(12). Let r be (1/((-8)/(-18)))/((-6)/g). What is the greatest common divisor of r and 54?
18
Let t be 5019/(-14)*-3*2/(-9). Let s = t - -244. What is the highest common factor of 85 and s?
5
Let i be (-107)/(1 + 2*-1). Suppose 95*c + 2*v = 97*c - 82, 4*c = v + 182. Suppose f - c - i = 0. What is the highest common factor of f and 14?
14
Let l(p) = -p**2 + 9*p + 22. Let j be l(10). Suppose -2*r = -5*n - 4*r - 22, 5*r + 25 = -5*n. Let v = n - -7. What is the highest common divisor of v and j?
3
Let v(w) = 5*w - 41. Let k be v(8). Let p be -5 - 4/k - -6. Suppose -3*s + h + 369 = -254, -3*s - p*h = -629. What is the highest common divisor of 26 and s?
26
Let o(z) = -z**3 + 77*z**2 + 82*z - 296. Let r be o(78). What is the greatest common divisor of 2656 and r?
16
Let k be (-60)/(-450) + ((-1166)/15)/(-2). Let c = k - 21. Let g = 153 - 151. What is the highest common factor of c and g?
2
Let z(g) = -344*g - 1301. Let h be z(-4). Let k = 108 - 8. What is the highest common divisor of k and h?
25
Let h be -30*(13 + (-1358)/42). Calculate the highest common divisor of h and 260.
20
Suppose -28 = -9*h + 5*h - 5*f, -4*f = -5*h + 35. Suppose 93 + 355 = h*x. Calculate the greatest common factor of 2 and x.
2
Suppose 99*t - 79*t - 180 = 0. Let r(p) = 25*p**2 - 69*p - 7. Let y be r(t). Calculate the highest common divisor of 11 and y.
11
Let n(a) be the third derivative of -5*a**4/12 - 5*a**3/3 + 27*a**2. Let u be n(11). Let i be (96/u)/(2/(-45)). Calculate the highest common divisor of i and 9.
9
Let x(m) = 3*m**2 + 105*m - 16. Let r(c) = -c. Let d(g) = 5*r(g) + x(g). Let q be d(-34). Calculate the greatest common factor of q and 13.
13
Let s = 18499 - 16865. Calculate the greatest common factor of s and 114.
38
Let b(q) = q**2 - 5*q - 49. Let t be b(13). Let a = t - 10. Calculate the highest common factor of a and 18.
9
Let r be (-4)/(-30)*-3 + 147/5. Suppose -32*z + 2550 = -r*z. Calculate the highest common divisor of 34 and z.
34
Let d = -379 + 384. Suppose -g = -p + 32, d*p = -79*g + 76*g + 120. What is the highest common divisor of p and 333?
9
Let p(g) = -g**2 + 26*g + 366. Let v be p(36). Let b = 49 - 13. Suppose 90 = j + b. Calculate the highest common divisor of v and j.
6
Suppose 1618*l - 1621*l + 1626 = 4*p, 0 = 4*l + 5*p - 2165. Calculate the greatest common factor of l and 1537.
53
Let u(m) = m**2 + 23*m + 5. Let g be u(-23). Suppose 3*j + 4*i - 256 = 0, 136 + 349 = 5*j - g*i. What is the highest common divisor of 69 and j?
23
Suppose -34 + 573 = 11*c. Suppose 7*a - 7 = c. What is the highest common divisor of a and 24?
8
Let a = 7093 - 7091. Calculate the highest common divisor of 403 and a.
1
Let j(w) = -8*w**3 - 394*w**2 - 103*w - 141. Let x be j(-49). Calculate the greatest common factor of x and 176.
8
Let v(f) = -10*f + 106. Let c be v(11). Let q(k) = -2*k**3 - 5*k**2 - 3*k - 24. Let s be q(c). Calculate the greatest common divisor of 4 and s.
4
Let l(s) = -s**2 - 3*s + 668. Let v be l(24). What is the greatest common factor of v and 2500?
20
Suppose 38*r - 11544 = -44*r - 1704. Calculate the highest common divisor of 200 and r.
40
Suppose 12135 = 24*k - 5817. What is the greatest common factor of 154 and k?
22
Suppose 8*i + 3*v = 5*i + 3924, 0 = 7*i + v - 9108. What is the highest common divisor of i and 1400?
100
Suppose 6*n - 504 = -6*n. Suppose 18 = 12*d - 66. What is the greatest common factor of n and d?
7
Let n be 118/8 + ((-156)/16 - -9). What is the greatest common factor of n and 658?
14
Let k(x) = -x**2 - 33*x + 89. Let y be k(-32). Let l = y + -103. Calculate the highest common factor of 36 and l.
18
Suppose 34*s + 765 = 39*s + j, 2*j = 4*s - 612. Calculate the highest common factor of 144 and s.
9
Let j = -38457 - -38521. What is the greatest common divisor of j and 472?
8
Suppose 24*v + 1476 = 48*v - 15*v. What is the greatest common divisor of v and 6806?
82
Suppose 0 = -367*b + 365*b + 10054. Calculate the greatest common divisor of 11 and b.
11
Let t be 4/(-2) + -2 + -2. Let g be 0/(-3) - (10 + t). Let q(x) = -x**3 - 5*x**2 - 4*x + 1. Let z be q(g). Calculate the greatest common divisor of 7 and z.
1
Suppose 2*u = -5*a - 7, u - 9*a = -12*a - 5. Suppose -25 - 310 = -5*t. Suppose -t = -4*d + 45. What is the highest common factor of u and d?
4
Suppose -2*l + 4*a = -5148, 2*a = -3*l + 6469 + 1253. Let d be l/27*6/4. Calculate the highest common divisor of d and 11.
11
Suppose 10 = 14*f - 9*f. Let a(c) = f*c**3 + 27 - 15 - 9 - 3*c + c**2 + 2*c. Let v be a(2). Calculate the greatest common factor of 21 and v.
21
Let x be (-9)/(-18)*-10 - 1*-215. Suppose -233*m - 98 = -234*m. What is the greatest common divisor of m and x?
14
Let b = -160 - -106. Let u be ((-22)/4)/(3/b). Suppose 105*l + 234 = 131*l. Calculate the greatest common divisor of u and l.
9
Suppose 3*q = 5*j - 31268, -85*q + 86*q + 43804 = 7*j. Calculate the greatest common factor of j and 11.
11
Let v be (-7 - 1) + (32 - 32). Let i be (-1476)/v*(-8)/(-18). What is the highest common factor of i and 1558?
82
Let x = -134 + 139. Suppose -91 = -4*u - x*f, -2*f - 77 = -3*u + 3*f. What is the greatest common divisor of u and 56?
8
Suppose 1655*v - 26 = -2*g + 1656*v, -8 = 2*v. Suppose 0 = t - 4*z - 59, 5*z - 33 = -t + 17. Calculate the greatest common divisor of g and t.
11
Suppose -18*r + 9 - 9 = 0. Let m be ((-7)/(28/(-216)))/(r - -1). What is the highest common factor of m and 12?
6
Suppose 13*n - 40828 = -1334. What is the highest common factor of n and 98?
98
Let s be 75/(8 - -7) - 344/(-2). Let n be 16402/s + (-4)/6. Calculate the greatest common divisor of n and 1564.
92
Let o be ((-14)/(-35))/((-1)/(-15)). Let k be 4/30 + 6208/240. Calculate the greatest common factor of o and k.
2
Suppose -4*j - 5*f = -321, 0*j - 2*f = -2*j + 138. Suppose s - 120 = 3*r, s - 2*s = 4*r - 99. What is the highest common factor of j and s?
37
Let o = 1203 + -763. Let f be 3/(-2)*o/15. Let q = f - -140. What is the highest common divisor of 12 and q?
12
Let q be ((-2)/(-7)*-1)/((-58)/1218). Suppose q*a = 4*a - 2*j + 258, -4*j + 12 = 0. What is the greatest common divisor of 147 and a?
21
Let g(i) = i + 3. Let f(v) = -7*v + 57. Let j(s) = -2*f(s) + 18*g(s). Let u be j(9). Calculate the highest common factor of 171 and u.
57
Suppose -132*w + 30 = -129*w. Suppose 4*q = -5*r + 445, 0*q = 3*q - 15. Calculate the highest common divisor of w and r.
5
Suppose w = -2, -5*i + 0*w + w + 342 = 0. Let y = -3 + i. Suppose -4254 - 6172 = -334*t - 67*t. Calculate the greatest common factor of y and t.
13
Let a = 9718 + -9442. What is the greatest common factor of 115 and a?
23
Suppose -10*v - 27 = -19*v. Suppose -v*t = 4*d - 69, -d - 2*d + 9 = 0. Suppose -t*r + 4*r = -3060. What is the greatest common divisor of r and 12?
12
Let j be (-30 - -34)*(39/(-12) + 4). Calculate the greatest common factor of j and 87.
3
Suppose -17*d = 3*g - 18*d - 2182, -g - d = -734. What is the greatest common divisor of 27 and g?
27
Let t be 25653/27 - (-3*(-2)/18)/3. What is the highest common factor of t and 50?
50
Let c = 69 - 65. Suppose -c*m - 3*k + 39 = -4*k, 2*k = 2. What is the greatest common factor of m and 110?
10
Let j be 44/6336*168 - 27634/(-12). Calculate the greatest common divisor of 108 and j.
36
Suppose -3*x + 20 - 290 = 0. Let w = 144 + x. Calculate the